*f**2 + 3*f**3. Determine b(5).
14
Let q(g) = -4*g + 3*g + 4 - g. Determine q(5).
-6
Let h(p) = -2*p**2 - 4*p + 4. Let q be h(-4). Let x = 7 + q. Let u(w) = -w**3 - 4*w**2 + 7*w + 6. Calculate u(x).
-4
Suppose 2*r + 2*r = 0. Let d(f) = 6*f**2 + f + 9. Let c(a) = a**2 + 1. Let v be 5/(-4) - 2/(-8). Let i(t) = v*d(t) + 5*c(t). What is i(r)?
-4
Let w(c) = c**2 - 6*c**2 - 3*c + 3*c**2. Give w(-2).
-2
Let a = -7 + 9. Let z(c) = -4 + 2 + c**a + 3 - 2*c - 5. Let j = 7 - 3. Calculate z(j).
4
Let x(l) = -3*l - 7. Suppose -19 = 3*i - 4*n, 0 = -i - 2*n + 5*n - 8. Determine x(i).
8
Suppose -5*f - 2*m + 24 = 0, -5*f - 3*m + 18 + 3 = 0. Let v(y) = -y**3 + 6*y**2 + y - 4. Determine v(f).
2
Let s(d) be the second derivative of -d**5/20 + d**4/3 + 5*d**3/6 + 7*d**2/2 + 5*d. Calculate s(5).
7
Let a(h) = -20*h**2 + 8*h**2 - 4*h + 13*h**2 + 6*h. What is a(-2)?
0
Let w = -5 - -9. Let y(m) = w*m + 4*m**3 - 4 - 3*m**3 + 2 - 4*m**2. Let v be -3*((-2)/(-6) - 1). Give y(v).
-2
Let j(c) = -7*c + 1. Suppose 3 = t, -2*n - 3*t - 13 = 18. Let h = -19 - n. Give j(h).
-6
Let i be 3/5 + 6/(-10). Let t(x) be the third derivative of 1/120*x**6 + i*x + 0*x**3 - 2*x**2 - 1/4*x**4 - 1/15*x**5 + 0. Calculate t(5).
-5
Let z(m) = 3*m + 1. Suppose 0 = 2*g + 3*d + 6, 19 = 5*g - 6*d + 5*d. Give z(g).
10
Let z(l) be the second derivative of l**5/20 + l**4/4 - l**3/6 + l**2 + l. Let o be (-1)/1*0/(-1). Suppose -5*b - 3*p = 12, o = 4*b - p + 8 + 5. What is z(b)?
5
Let t(x) = -x**3 - 13*x + 2*x**3 + 17*x + 3*x + 7*x**2 + 1. Determine t(-6).
-5
Let y = -1 + -4. Let b(w) = w. Let n(f) = -f - 5. Suppose 0 = 3*s - 5 - 7, 2*s = 4*c. Let i(a) = c*b(a) - n(a). Calculate i(y).
-10
Let t(p) = 5*p**2 - 4*p - 12. Let w(f) = f - 1. Let b(s) = -s**2 + s. Let z(g) = b(g) - w(g). Let c(a) = -t(a) - 4*z(a). Let x = -5 - -11. Give c(x).
-4
Let o(q) = 5*q**2 + q + 2. Let r(u) = 6*u**2 + 3. Let g(v) = -5*o(v) + 4*r(v). What is g(-4)?
6
Suppose -80 = 17*t + 22. Let u(r) = -3*r - 4. Give u(t).
14
Suppose 2*j = j. Let r(p) = p - 3. Let d be r(6). Let w(c) = -c**2 - 8 - c**2 + d*c**2. Give w(j).
-8
Let c(v) = -v**2. Let r(g) = 4*g**2 + 11*g - 11. Let d(o) = 5*c(o) + r(o). Give d(9).
7
Suppose -g = o + 9, 0 = -5*g + 5*o + 5 - 0. Let t(i) = -i**3 - 4*i**2. Determine t(g).
0
Let z be -3*((-2)/(-6) + 2/1). Let m(j) = -j - 6. What is m(z)?
1
Suppose 0 = 10*b - 10 - 10. Let c(d) be the first derivative of d**2 - b*d + 1/3*d**3 + 2. Calculate c(-4).
6
Suppose 3*f + 16 = 2*r, 0 = -3*r - f + 4*f + 18. Let v(j) be the first derivative of j**r + 3 + j - 11/3*j**3. What is v(-1)?
-12
Let r be (-64)/(-24) - (-2)/6. Let i(b) = b**2 - 4*b + 3. What is i(r)?
0
Let i(x) be the first derivative of -x**3/3 + 7*x**2/2 - 9*x + 11. What is i(7)?
-9
Suppose 0*h - 6 = -2*h. Suppose h*v + 1 = 16. Let f(u) be the third derivative of -u**5/60 + u**4/6 + 5*u**3/6 - u**2. What is f(v)?
0
Let c(z) be the first derivative of 4/3*z**3 + z**2 + 0*z - 1 + 1/4*z**4. Let i = 8 - 11. Give c(i).
3
Let i(n) = -n - 13. Let d(y) = 1. Let b(x) = -5*d(x) - i(x). Suppose f - a + 6*a = -21, 33 = -5*f - a. What is b(f)?
2
Let n(x) = x**3 - 4*x**2 + 2*x + 1. Let g be ((-2)/(-6))/(5/90). Suppose 5*j = -g + 16. Calculate n(j).
-3
Let y = 7 - 16. Let o be (-3)/y*3 - 0. Let u(s) = 7*s + 5. Let r(z) = z**2 - 15*z - 11. Let i(a) = 6*r(a) + 13*u(a). What is i(o)?
6
Let f(k) = -3*k - 3. Let z be (-9)/(-6) - (-7)/2. Calculate f(z).
-18
Suppose 0 = -v + 4*r - 6, 4*r - 20 + 4 = 0. Let c(f) = f - 13. Let y be c(v). Let k(t) = t**2 + 2*t + 4. Calculate k(y).
7
Let l(r) = -r**2 + 7*r + 7. Let d be (-59)/(-7) + -6*1/14. Determine l(d).
-1
Let w(i) be the second derivative of -i**5/20 + i**4/2 + i**3/3 - i**2 + 17*i. Let s = 1 + 5. What is w(s)?
10
Let q = 8 - 5. Suppose -5*c - 2*x = -0*x - 27, -q*c + 20 = 5*x. Let s(a) = 0*a + 3*a + 0*a - 6. Calculate s(c).
9
Let c(l) = -l**3 - 4*l**2 - 2*l - 1. Let j(r) = -2*r - 9. Let z be j(-6). Suppose 5*x + 22 = 5*f - 23, z*f = x + 17. Suppose f*h - 1 = -13. Give c(h).
-4
Let q(k) = -2*k**2 - 2*k**2 + 3 + 3*k**2 + 5*k. Suppose 5*y - 59 - 36 = 0. Let m be 2/6*(-1 + y). Give q(m).
-3
Let m(y) be the second derivative of y**5/60 + y**4/6 - y**3/3 + 5*y**2/2 + 3*y. Let h(x) be the first derivative of m(x). Calculate h(-6).
10
Let s be 45/39 + (-6)/39. Let m(a) = 0*a**2 - 1 + 3*a**3 + 2*a**3 + a**2 + a. Give m(s).
6
Let y(q) be the third derivative of q**4/8 + 8*q**3/3 + 8*q**2. Let c be y(-6). Let u(v) = -v. Let m(h) = -2*h + 1. Let w(k) = -2*m(k) + 5*u(k). Determine w(c).
0
Let z = 7 - 3. Suppose -v + 0*v = -z. Suppose 0 = 2*i - v*r + 3 + 3, 0 = 3*i - 4*r + 11. Let x(k) = -k**2 - 4*k. What is x(i)?
-5
Suppose 2*x - 1 = 5. Let g(w) = -x*w + 5*w - 24 + w**2 + 23. Give g(2).
7
Let m(h) = h**2 - h - 2. Let j be m(3). Let w(x) be the third derivative of x**6/120 - x**5/30 - 7*x**4/24 + 5*x**3/6 - x**2. What is w(j)?
9
Let h be (-4)/10 + (-34)/(-10). Let g(y) be the first derivative of -y**2 + 2*y - 2/3*y**3 - h. Calculate g(-2).
-2
Let x(o) be the first derivative of -2*o**2 - 9*o + 3. Let k be x(-4). Let c(r) = r**3 - 7*r**2 + 2*r - 8. Calculate c(k).
6
Let r be 5/2*(-24)/(-12). Let l(y) = y**3 + y**2 + y - 1. Let t(o) = -3*o**3 - 8*o**2 - 8*o + 5. Let c(j) = -4*l(j) - t(j). What is c(r)?
-6
Let i(q) = q**3 - 4*q**2 - 6*q - 1. Let f = -14 - -19. Determine i(f).
-6
Let t = -9 - -15. Let n(z) = 2*z**3 - t*z**3 - z**2 + 0*z**3. Let a be n(1). Let o(p) = -p**3 - 4*p**2 + 3*p - 4. Give o(a).
6
Let t be (-1)/(3/2 - 1). Let w be -1*(-2 - -2)/t. Let a be (0 - 1)*w - -2. Let z(q) = q**2 - 1. Give z(a).
3
Let f(p) be the first derivative of -p + 0*p**3 - 1 - 1/2*p**2 + 1/2*p**4. Give f(2).
13
Let u(y) be the third derivative of 1/8*y**4 + 5/6*y**3 + 0 + 0*y - 3*y**2. Determine u(-5).
-10
Let f(x) = -14*x**3 - x**2 + 1. Let t = 41 + -40. Give f(t).
-14
Let r(i) = -i**2 - 6*i + 2. Suppose 4*z = -0*z + 140. Suppose -5*q = -10*q - z. Give r(q).
-5
Let c(i) be the first derivative of -5*i**2 - 3*i + 0*i + 6*i**2 - 1 - 2*i**2. Suppose -1 = 3*d + 14. Determine c(d).
7
Let f(z) = -z**3 - 6*z**2 + 7. Let q be 612/(-99) + 4/22. Give f(q).
7
Let l(f) = -f**2 - 10*f - 7. Let h(n) = -n - 1. Let x(z) = 3*h(z) - l(z). Let y be 3/(0 + (-1)/2). Determine x(y).
-2
Let d(m) = m - 1. Let t be d(1). Let y be (t + 2 + -2)/1. Suppose -4*u - 4 = -4*r, y = -r + 3*r + u + 7. Let q(g) = 5*g + 3. Determine q(r).
-7
Let o(x) = x**2 + 7*x + 9. Let j(c) = -c**2 - 13*c - 19. Let w be j(-12). Calculate o(w).
9
Let z = -4 + 6. Let a(l) = l - 7. Let v be a(10). Let g(n) = -z*n**2 - 12*n**3 + 4*n**v - 6*n + 7*n. Give g(1).
-9
Let o = 4 - 7. Let x(n) = 3*n**3 - 6*n**2 + n + 1. Let i(r) = -8*r**3 + 17*r**2 - 2*r - 2. Let h(v) = -4*i(v) - 11*x(v). Determine h(o).
15
Suppose -2*g = 2*g + 16. Let j(y) = -y**3 - 5*y**2 - 2. Determine j(g).
-18
Let h(y) be the second derivative of y**5/20 - y**4/12 - y**3/6 - y**2 + 23*y. Suppose -2*s - 9 = 3*m, -3*m - 9 + 0 = -2*s. Give h(s).
-2
Let u(a) be the first derivative of a**3/3 - 2*a**2 - a - 2. Let s(b) = 1 - 2*b - 3*b - 11 + b**2. Let y be s(7). Calculate u(y).
-1
Let o(y) be the third derivative of y**4/12 + y**3/3 - y**2. Let m(q) = q + 1. Let z(u) = -3*m(u) + o(u). Give z(-7).
6
Let w = -1 + 0. Let f(g) be the third derivative of -g**7/420 - g**4/24 + g**3/3 - 3*g**2. Let t(l) be the first derivative of f(l). Determine t(w).
1
Let b(w) = -3*w - 8. Suppose -3*h = 25 - 7. Calculate b(h).
10
Let v(o) = o**2 - 8*o - 13. Let s be v(10). Let r(y) = -y**3 + 8*y**2 - 6*y - 6. What is r(s)?
1
Let l(t) be the first derivative of t**4/4 + 2*t**3 + t**2 - t + 7. Give l(-6).
-13
Let d(a) = 15*a**3 + 8*a**2 - 11*a - 11. Let v(x) be the first derivative of -4*x + 5/4*x**4 + x**3 - 2*x**2 + 1. Let p(k) = -4*d(k) + 11*v(k). What is p(1)?
-4
Suppose 9*j = 55 - 10. Let a(u) = u**2 - 5*u + 5. What is a(j)?
5
Let w(c) = c + 4. Let x(q) = q**2 + 10*q + 11. Let k be x(-7). What is w(k)?
-6
Let l be (2/8)/(1/4). Let g(t) = -3 + 4 + 3*t**3 - 4*t**3 - t**3. Calculate g(l).
-1
Let x(g) be the third derivative of -g**4/24 + 7*g**3/3 - 5*g**2. Determine x(7).
7
Let w(u) = u + 1. Let m(x) = 2 + 2*x - 3 - x**2 - 2 + 2*x**2. Let l be m(-3). Determine w(l).
1
Let t(m) be the second derivative of 1/20*m**5 + 0 - 1/2*m**3 + m**2 - m + 0*m**4. Calculate t(2).
4
Let a(y) be the